{"id":1068,"date":"2021-04-12T05:26:35","date_gmt":"2021-04-12T05:26:35","guid":{"rendered":"http:\/\/wpginternational.com.co\/?page_id=1068"},"modified":"2022-04-12T19:52:08","modified_gmt":"2022-04-12T19:52:08","slug":"about","status":"publish","type":"page","link":"https:\/\/wpginternational.com.co\/?page_id=1068","title":{"rendered":"QUI\u00c9NES SOMOS"},"content":{"rendered":"\n<div class=\"wp-block-cover is-light\" style=\"min-height:300px;aspect-ratio:unset;\"><span aria-hidden=\"true\" class=\"has-background-dim-0 wp-block-cover__gradient-background has-background-dim\"><\/span><img loading=\"lazy\" decoding=\"async\" width=\"1370\" height=\"500\" class=\"wp-block-cover__image-background wp-image-1280\" alt=\"Bandera Colombia\" src=\"http:\/\/wpginternational.com.co\/wp-content\/uploads\/2022\/03\/Quienes-Somos-ok.jpg\" style=\"object-position:57% 39%\" data-object-fit=\"cover\" data-object-position=\"57% 39%\" srcset=\"https:\/\/wpginternational.com.co\/wp-content\/uploads\/2022\/03\/Quienes-Somos-ok.jpg 1370w, https:\/\/wpginternational.com.co\/wp-content\/uploads\/2022\/03\/Quienes-Somos-ok-300x109.jpg 300w, https:\/\/wpginternational.com.co\/wp-content\/uploads\/2022\/03\/Quienes-Somos-ok-1024x374.jpg 1024w, https:\/\/wpginternational.com.co\/wp-content\/uploads\/2022\/03\/Quienes-Somos-ok-768x280.jpg 768w\" sizes=\"auto, (max-width: 1370px) 100vw, 1370px\" \/><div class=\"wp-block-cover__inner-container is-layout-flow wp-block-cover-is-layout-flow\">\n<p class=\"has-text-align-center has-large-font-size\"><\/p>\n<\/div><\/div>\n\n\n\n<div class=\"wp-block-cover\"><span aria-hidden=\"true\" class=\"has-nv-site-bg-background-color has-background-dim-100 wp-block-cover__gradient-background has-background-dim\"><\/span><div class=\"wp-block-cover__inner-container is-layout-flow wp-block-cover-is-layout-flow\">\n<div class=\"wp-block-columns is-layout-flex wp-container-core-columns-is-layout-9d6595d7 wp-block-columns-is-layout-flex\">\n<div class=\"wp-block-column is-layout-flow wp-block-column-is-layout-flow\">\n<div class=\"wp-block-columns is-layout-flex wp-container-core-columns-is-layout-9d6595d7 wp-block-columns-is-layout-flex\">\n<div class=\"wp-block-column is-layout-flow wp-block-column-is-layout-flow\" style=\"flex-basis:60px\"><\/div>\n\n\n\n<div class=\"wp-block-column is-layout-flow wp-block-column-is-layout-flow\">\n<div style=\"height:30px\" aria-hidden=\"true\" class=\"wp-block-spacer\"><\/div>\n\n\n<p class=\"fonts-plugin-block\" style=\"font-weight: normal;font-size: 28px;line-height: 1.2;color: var(--nv-text-color)\"><strong>QUI\u00c9NES SOMOS<\/strong><\/p><\/div>\n\n\n\n<div class=\"wp-block-column is-layout-flow wp-block-column-is-layout-flow\"><\/div>\n\n\n\n<div class=\"wp-block-column is-layout-flow wp-block-column-is-layout-flow\" style=\"flex-basis:60px\"><\/div>\n<\/div>\n\n\n\n<div class=\"wp-block-columns is-layout-flex wp-container-core-columns-is-layout-9d6595d7 wp-block-columns-is-layout-flex\">\n<div class=\"wp-block-column is-layout-flow wp-block-column-is-layout-flow\" style=\"flex-basis:60px\"><\/div>\n\n\n\n<div class=\"wp-block-column is-layout-flow wp-block-column-is-layout-flow\">\n<p class=\"justificar has-neve-text-color-color has-text-color\">Somos un equipo interdisciplinario, de especialistas en cabildeo, gesti\u00f3n p\u00fablica, dise\u00f1o estrat\u00e9gico de comunicaciones y monitoreo normativo, que logra la consolidaci\u00f3n de s\u00f3lidos enlaces entre distintos sectores de la poblaci\u00f3n, facilitando la ejecuci\u00f3n de los proyectos de quienes nos conf\u00edan sus negocios.<\/p>\n\n\n\n<p class=\"justificar has-neve-text-color-color has-text-color\">Los empresarios han dedicado un gran esfuerzo para asegurar que el desarrollo de sus actividades est\u00e1n enmarcadas dentro de la normatividad jur\u00eddica, y econ\u00f3mica de su industria.<\/p>\n<\/div>\n\n\n\n<div class=\"wp-block-column is-layout-flow wp-block-column-is-layout-flow\">\n<p class=\"justificar has-neve-text-color-color has-text-color\">Para garantizar su \u00e9xito, se ha evidenciado la importancia de monitorear y analizar las decisiones pol\u00edticas y normativas, que pueden impactar su actividad. Intervenir oportunamente e influir mediante la implementaci\u00f3n de una estrategia desarrollada en estrecha colaboraci\u00f3n con el cliente, es el elemento diferenciador.<\/p>\n\n\n\n<p class=\"justificar has-neve-text-color-color has-text-color\">Tales proyectos se adelantan a trav\u00e9s de metodolog\u00edas propias de trabajo, estudios de actualidad y coyuntura nacional as\u00ed como de monitoreo en el congreso de la republica, en la Rama Ejecutiva y Judicial del Poder P\u00fablico.<\/p>\n<\/div>\n\n\n\n<div class=\"wp-block-column is-layout-flow wp-block-column-is-layout-flow\" style=\"flex-basis:60px\"><\/div>\n<\/div>\n<\/div>\n<\/div>\n<\/div><\/div>\n\n\n\n<div class=\"wp-block-cover\"><span aria-hidden=\"true\" class=\"has-nv-light-bg-background-color has-background-dim-100 wp-block-cover__gradient-background has-background-dim\"><\/span><div class=\"wp-block-cover__inner-container is-layout-flow wp-block-cover-is-layout-flow\">\n<div class=\"wp-block-columns is-layout-flex wp-container-core-columns-is-layout-9d6595d7 wp-block-columns-is-layout-flex\">\n<div class=\"wp-block-column is-layout-flow wp-block-column-is-layout-flow\">\n<div class=\"wp-block-columns is-layout-flex wp-container-core-columns-is-layout-9d6595d7 wp-block-columns-is-layout-flex\">\n<div class=\"wp-block-column is-layout-flow wp-block-column-is-layout-flow\" style=\"flex-basis:60px\"><\/div>\n\n\n\n<div class=\"wp-block-column is-layout-flow wp-block-column-is-layout-flow\">\n<div style=\"height:30px\" aria-hidden=\"true\" class=\"wp-block-spacer\"><\/div>\n<\/div>\n\n\n\n<div class=\"wp-block-column is-layout-flow wp-block-column-is-layout-flow\"><\/div>\n\n\n\n<div class=\"wp-block-column is-layout-flow wp-block-column-is-layout-flow\" style=\"flex-basis:60px\"><\/div>\n<\/div>\n\n\n\n<div class=\"wp-block-columns is-layout-flex wp-container-core-columns-is-layout-9d6595d7 wp-block-columns-is-layout-flex\">\n<div class=\"wp-block-column is-layout-flow wp-block-column-is-layout-flow\" style=\"flex-basis:60px\"><\/div>\n\n\n\n<div class=\"wp-block-column is-layout-flow wp-block-column-is-layout-flow\"><p class=\"fonts-plugin-block\" style=\"font-weight: normal;font-size: 28px;line-height: 1.2;color: var(--nv-text-color)\"><strong>ANDR\u00c9S GARC\u00cdA<\/strong><br>CARVAJAL<\/p>\n\n<p class=\"fonts-plugin-block\" style=\"font-weight: normal;font-size: 28px;line-height: 1.2;color: var(--nv-text-color)\">Director Sed Nove<\/p>\n\n<p class=\"fonts-plugin-block\" style=\"font-weight: normal\"><\/p>\n\n\n<p class=\"justificar has-neve-text-color-color has-text-color\">Polit\u00f3logo de la Universidad de los Andes, especialista en negociaci\u00f3n y relaciones internacionales, realiz\u00f3 cursos de Historia en la Universidad de Sussex Inglaterra, actualmente es candidato a Doctor en Gobierno y Administraci\u00f3n P\u00fablica de la Universidad Complutense de Madrid.<\/p>\n<\/div>\n\n\n\n<div class=\"wp-block-column is-layout-flow wp-block-column-is-layout-flow\">\n<div class=\"wp-block-image\"><figure class=\"aligncenter size-full is-resized\"><img decoding=\"async\" src=\"http:\/\/wpginternational.com.co\/wp-content\/uploads\/2022\/04\/Andres-Garcia-1.jpg\" alt=\"\" class=\"wp-image-1442\" width=\"300\" srcset=\"https:\/\/wpginternational.com.co\/wp-content\/uploads\/2022\/04\/Andres-Garcia-1.jpg 707w, https:\/\/wpginternational.com.co\/wp-content\/uploads\/2022\/04\/Andres-Garcia-1-286x300.jpg 286w\" sizes=\"(max-width: 707px) 100vw, 707px\" \/><\/figure><\/div>\n<\/div>\n\n\n\n<div class=\"wp-block-column is-layout-flow wp-block-column-is-layout-flow\" style=\"flex-basis:60px\"><\/div>\n<\/div>\n<\/div>\n<\/div>\n<\/div><\/div>\n\n\n\n<div class=\"wp-block-cover\" style=\"min-height:400px;aspect-ratio:unset;\"><span aria-hidden=\"true\" class=\"has-neve-link-color-background-color has-background-dim-100 wp-block-cover__gradient-background has-background-dim\"><\/span><div class=\"wp-block-cover__inner-container is-layout-flow wp-block-cover-is-layout-flow\">\n<div class=\"wp-block-columns is-layout-flex wp-container-core-columns-is-layout-9d6595d7 wp-block-columns-is-layout-flex\">\n<div class=\"wp-block-column is-layout-flow wp-block-column-is-layout-flow\">\n<div style=\"height:50px\" aria-hidden=\"true\" class=\"wp-block-spacer\"><\/div>\n\n\n\n<div class=\"wp-block-columns is-layout-flex wp-container-core-columns-is-layout-9d6595d7 wp-block-columns-is-layout-flex\">\n<div class=\"wp-block-column is-layout-flow wp-block-column-is-layout-flow\" style=\"flex-basis:30px\">\n<div style=\"height:20px\" aria-hidden=\"true\" class=\"wp-block-spacer\"><\/div>\n<\/div>\n\n\n\n<div class=\"wp-block-column is-layout-flow wp-block-column-is-layout-flow\">\n<hr class=\"wp-block-separator has-text-color has-background\" style=\"background-color:#728197;color:#728197\"\/>\n\n\n\n<p class=\"has-text-color\" style=\"color:#728197;font-size:14px\"><strong>COLOMBIA<\/strong><br>WP Group &#8211; Sed Nove<br>Cra. 7 No. 79B-57<br>Oficina 104<br>Bogot\u00e1, Colombia\/C.P., 110221<br>+57 (1) 2553901<\/p>\n\n\n\n<div style=\"height:20px\" aria-hidden=\"true\" class=\"wp-block-spacer\"><\/div>\n\n\n\n<hr class=\"wp-block-separator has-text-color has-background\" style=\"background-color:#728197;color:#728197\"\/>\n\n\n\n<p class=\"has-text-color\" style=\"color:#728197;font-size:14px\"><strong><strong>PUERTO RICO<\/strong><br><\/strong>WP Group<br>654 Plaza, Suite 1801<br>654 Mu\u00f1oz Rivera Ave<br>San Juan, Puerto Rico 00918<br>787 946 55<strong>25<\/strong><\/p>\n<\/div>\n\n\n\n<div class=\"wp-block-column is-layout-flow wp-block-column-is-layout-flow\">\n<hr class=\"wp-block-separator has-text-color has-background\" style=\"background-color:#728197;color:#728197\"\/>\n\n\n\n<p class=\"has-text-color\" style=\"color:#728197;font-size:14px\"><strong><strong>WASHINGTON, DC<\/strong><br><\/strong>WP Group<br>1701 Pennsylvania Ave<br>Suite 200<br>Washington, DC 20006<br>202 248 54221<\/p>\n\n\n\n<div style=\"height:20px\" aria-hidden=\"true\" class=\"wp-block-spacer\"><\/div>\n\n\n\n<hr class=\"wp-block-separator has-text-color has-background\" style=\"background-color:#728197;color:#728197\"\/>\n\n\n\n<p class=\"has-text-color\" style=\"color:#728197;font-size:14px\"><strong><strong><strong>ARGENTINA<\/strong><\/strong><\/strong><br>Infomedia<strong><strong><br><\/strong><\/strong>Av Santa Fe 1752, 3\u02daA<br>Buenos Aires, Argentina<br>+54 11 6842 07251<\/p>\n<\/div>\n\n\n\n<div class=\"wp-block-column is-layout-flow wp-block-column-is-layout-flow\">\n<hr class=\"wp-block-separator has-text-color has-background\" style=\"background-color:#728197;color:#728197\"\/>\n\n\n\n<p class=\"has-text-color\" style=\"color:#728197\"><strong><strong><strong>PANAMA<\/strong><br><\/strong><\/strong>WP Group, Inc.<br>Capital Plaza, Piso 8<br>Costa del Este<br>Ave Roberto Motta<br>Ciudad de Panam\u00e1, Panam\u00e1<br>+507 3069600 &#8211; 202 248 54221<\/p>\n<\/div>\n\n\n\n<div class=\"wp-block-column is-layout-flow wp-block-column-is-layout-flow\">\n<hr class=\"wp-block-separator has-text-color has-background\" style=\"background-color:#728197;color:#728197\"\/>\n\n\n\n<p class=\"has-text-color\" style=\"color:#728197;font-size:14px\"><strong><strong><strong><strong>PERU<\/strong><\/strong><\/strong><\/strong><br>WP Group &#8211; Concertum<strong><strong><strong><br><\/strong><\/strong><\/strong>Calle Los Angeles 340<br>Miraflores, Lima 18<br>Per\u00fa<br>+51 (1) 6286230<\/p>\n<\/div>\n\n\n\n<div class=\"wp-block-column is-layout-flow wp-block-column-is-layout-flow\" style=\"flex-basis:30px\"><\/div>\n<\/div>\n<\/div>\n<\/div>\n\n\n\n<div class=\"wp-block-columns is-layout-flex wp-container-core-columns-is-layout-9d6595d7 wp-block-columns-is-layout-flex\">\n<div class=\"wp-block-column has-neve-link-color-background-color has-background is-layout-flow wp-block-column-is-layout-flow\" style=\"flex-basis:25%\"><\/div>\n\n\n\n<div class=\"wp-block-column is-layout-flow wp-block-column-is-layout-flow\" style=\"flex-basis:50%\">\n<p class=\"has-text-align-center has-text-color\" style=\"color:#728197\"><em>An International Consulting Firm<\/em><br>Washington DC | Puerto Rico | Latin America<\/p>\n<\/div>\n\n\n\n<div class=\"wp-block-column is-layout-flow wp-block-column-is-layout-flow\" style=\"flex-basis:25%\"><\/div>\n<\/div>\n<\/div><\/div>\n","protected":false},"excerpt":{"rendered":"","protected":false},"author":1,"featured_media":0,"parent":0,"menu_order":0,"comment_status":"closed","ping_status":"closed","template":"","meta":{"om_disable_all_campaigns":false,"_monsterinsights_skip_tracking":false,"_monsterinsights_sitenote_active":false,"_monsterinsights_sitenote_note":"","_monsterinsights_sitenote_category":0,"neve_meta_sidebar":"","neve_meta_container":"full-width","neve_meta_enable_content_width":"","neve_meta_content_width":0,"neve_meta_title_alignment":"","neve_meta_author_avatar":"","neve_post_elements_order":"","neve_meta_disable_header":"","neve_meta_disable_footer":"","neve_meta_disable_title":"on","footnotes":""},"class_list":["post-1068","page","type-page","status-publish","hentry"],"_links":{"self":[{"href":"https:\/\/wpginternational.com.co\/index.php?rest_route=\/wp\/v2\/pages\/1068","targetHints":{"allow":["GET"]}}],"collection":[{"href":"https:\/\/wpginternational.com.co\/index.php?rest_route=\/wp\/v2\/pages"}],"about":[{"href":"https:\/\/wpginternational.com.co\/index.php?rest_route=\/wp\/v2\/types\/page"}],"author":[{"embeddable":true,"href":"https:\/\/wpginternational.com.co\/index.php?rest_route=\/wp\/v2\/users\/1"}],"replies":[{"embeddable":true,"href":"https:\/\/wpginternational.com.co\/index.php?rest_route=%2Fwp%2Fv2%2Fcomments&post=1068"}],"version-history":[{"count":48,"href":"https:\/\/wpginternational.com.co\/index.php?rest_route=\/wp\/v2\/pages\/1068\/revisions"}],"predecessor-version":[{"id":1452,"href":"https:\/\/wpginternational.com.co\/index.php?rest_route=\/wp\/v2\/pages\/1068\/revisions\/1452"}],"wp:attachment":[{"href":"https:\/\/wpginternational.com.co\/index.php?rest_route=%2Fwp%2Fv2%2Fmedia&parent=1068"}],"curies":[{"name":"wp","href":"https:\/\/api.w.org\/{rel}","templated":true}]}}

QUIÉNES SOMOS

<div class="wp-block-cover is-light" style="min-height:300px;aspect-ratio:unset;"><span aria-hidden="true" class="has-background-dim-0 wp-block-cover__gradient-background has-background-dim"></span><img loading="lazy" decoding="async" width="1370" height="500" class="wp-block-cover__image-background wp-image-1280" alt="Bandera Colombia" src="http://wpginternational.com.co/wp-content/uploads/2022/03/Quienes-Somos-ok.jpg" style="object-position:57% 39%" data-object-fit="cover" data-object-position="57% 39%" srcset="https://wpginternational.com.co/wp-content/uploads/2022/03/Quienes-Somos-ok.jpg 1370w, https://wpginternational.com.co/wp-content/uploads/2022/03/Quienes-Somos-ok-300x109.jpg 300w, https://wpginternational.com.co/wp-content/uploads/2022/03/Quienes-Somos-ok-1024x374.jpg 1024w, https://wpginternational.com.co/wp-content/uploads/2022/03/Quienes-Somos-ok-768x280.jpg 768w" sizes="auto, (max-width: 1370px) 100vw, 1370px" /><div class="wp-block-cover__inner-container is-layout-flow wp-block-cover-is-layout-flow">
<p class="has-text-align-center has-large-font-size"></p>
</div></div>



<div class="wp-block-cover"><span aria-hidden="true" class="has-nv-site-bg-background-color has-background-dim-100 wp-block-cover__gradient-background has-background-dim"></span><div class="wp-block-cover__inner-container is-layout-flow wp-block-cover-is-layout-flow">
<div class="wp-block-columns is-layout-flex wp-container-core-columns-is-layout-9d6595d7 wp-block-columns-is-layout-flex">
<div class="wp-block-column is-layout-flow wp-block-column-is-layout-flow">
<div class="wp-block-columns is-layout-flex wp-container-core-columns-is-layout-9d6595d7 wp-block-columns-is-layout-flex">
<div class="wp-block-column is-layout-flow wp-block-column-is-layout-flow" style="flex-basis:60px"></div>



<div class="wp-block-column is-layout-flow wp-block-column-is-layout-flow">
<div style="height:30px" aria-hidden="true" class="wp-block-spacer"></div>


<p class="fonts-plugin-block" style="font-weight: normal;font-size: 28px;line-height: 1.2;color: var(--nv-text-color)"><strong>QUIÉNES SOMOS</strong></p></div>



<div class="wp-block-column is-layout-flow wp-block-column-is-layout-flow"></div>



<div class="wp-block-column is-layout-flow wp-block-column-is-layout-flow" style="flex-basis:60px"></div>
</div>



<div class="wp-block-columns is-layout-flex wp-container-core-columns-is-layout-9d6595d7 wp-block-columns-is-layout-flex">
<div class="wp-block-column is-layout-flow wp-block-column-is-layout-flow" style="flex-basis:60px"></div>



<div class="wp-block-column is-layout-flow wp-block-column-is-layout-flow">
<p class="justificar has-neve-text-color-color has-text-color">Somos un equipo interdisciplinario, de especialistas en cabildeo, gestión pública, diseño estratégico de comunicaciones y monitoreo normativo, que logra la consolidación de sólidos enlaces entre distintos sectores de la población, facilitando la ejecución de los proyectos de quienes nos confían sus negocios.</p>



<p class="justificar has-neve-text-color-color has-text-color">Los empresarios han dedicado un gran esfuerzo para asegurar que el desarrollo de sus actividades están enmarcadas dentro de la normatividad jurídica, y económica de su industria.</p>
</div>



<div class="wp-block-column is-layout-flow wp-block-column-is-layout-flow">
<p class="justificar has-neve-text-color-color has-text-color">Para garantizar su éxito, se ha evidenciado la importancia de monitorear y analizar las decisiones políticas y normativas, que pueden impactar su actividad. Intervenir oportunamente e influir mediante la implementación de una estrategia desarrollada en estrecha colaboración con el cliente, es el elemento diferenciador.</p>



<p class="justificar has-neve-text-color-color has-text-color">Tales proyectos se adelantan a través de metodologías propias de trabajo, estudios de actualidad y coyuntura nacional así como de monitoreo en el congreso de la republica, en la Rama Ejecutiva y Judicial del Poder Público.</p>
</div>



<div class="wp-block-column is-layout-flow wp-block-column-is-layout-flow" style="flex-basis:60px"></div>
</div>
</div>
</div>
</div></div>



<div class="wp-block-cover"><span aria-hidden="true" class="has-nv-light-bg-background-color has-background-dim-100 wp-block-cover__gradient-background has-background-dim"></span><div class="wp-block-cover__inner-container is-layout-flow wp-block-cover-is-layout-flow">
<div class="wp-block-columns is-layout-flex wp-container-core-columns-is-layout-9d6595d7 wp-block-columns-is-layout-flex">
<div class="wp-block-column is-layout-flow wp-block-column-is-layout-flow">
<div class="wp-block-columns is-layout-flex wp-container-core-columns-is-layout-9d6595d7 wp-block-columns-is-layout-flex">
<div class="wp-block-column is-layout-flow wp-block-column-is-layout-flow" style="flex-basis:60px"></div>



<div class="wp-block-column is-layout-flow wp-block-column-is-layout-flow">
<div style="height:30px" aria-hidden="true" class="wp-block-spacer"></div>
</div>



<div class="wp-block-column is-layout-flow wp-block-column-is-layout-flow"></div>



<div class="wp-block-column is-layout-flow wp-block-column-is-layout-flow" style="flex-basis:60px"></div>
</div>



<div class="wp-block-columns is-layout-flex wp-container-core-columns-is-layout-9d6595d7 wp-block-columns-is-layout-flex">
<div class="wp-block-column is-layout-flow wp-block-column-is-layout-flow" style="flex-basis:60px"></div>



<div class="wp-block-column is-layout-flow wp-block-column-is-layout-flow"><p class="fonts-plugin-block" style="font-weight: normal;font-size: 28px;line-height: 1.2;color: var(--nv-text-color)"><strong>ANDRÉS GARCÍA</strong><br>CARVAJAL</p>

<p class="fonts-plugin-block" style="font-weight: normal;font-size: 28px;line-height: 1.2;color: var(--nv-text-color)">Director Sed Nove</p>

<p class="fonts-plugin-block" style="font-weight: normal"></p>


<p class="justificar has-neve-text-color-color has-text-color">Politólogo de la Universidad de los Andes, especialista en negociación y relaciones internacionales, realizó cursos de Historia en la Universidad de Sussex Inglaterra, actualmente es candidato a Doctor en Gobierno y Administración Pública de la Universidad Complutense de Madrid.</p>
</div>



<div class="wp-block-column is-layout-flow wp-block-column-is-layout-flow">
<div class="wp-block-image"><figure class="aligncenter size-full is-resized"><img decoding="async" src="http://wpginternational.com.co/wp-content/uploads/2022/04/Andres-Garcia-1.jpg" alt="" class="wp-image-1442" width="300" srcset="https://wpginternational.com.co/wp-content/uploads/2022/04/Andres-Garcia-1.jpg 707w, https://wpginternational.com.co/wp-content/uploads/2022/04/Andres-Garcia-1-286x300.jpg 286w" sizes="(max-width: 707px) 100vw, 707px" /></figure></div>
</div>



<div class="wp-block-column is-layout-flow wp-block-column-is-layout-flow" style="flex-basis:60px"></div>
</div>
</div>
</div>
</div></div>



<div class="wp-block-cover" style="min-height:400px;aspect-ratio:unset;"><span aria-hidden="true" class="has-neve-link-color-background-color has-background-dim-100 wp-block-cover__gradient-background has-background-dim"></span><div class="wp-block-cover__inner-container is-layout-flow wp-block-cover-is-layout-flow">
<div class="wp-block-columns is-layout-flex wp-container-core-columns-is-layout-9d6595d7 wp-block-columns-is-layout-flex">
<div class="wp-block-column is-layout-flow wp-block-column-is-layout-flow">
<div style="height:50px" aria-hidden="true" class="wp-block-spacer"></div>



<div class="wp-block-columns is-layout-flex wp-container-core-columns-is-layout-9d6595d7 wp-block-columns-is-layout-flex">
<div class="wp-block-column is-layout-flow wp-block-column-is-layout-flow" style="flex-basis:30px">
<div style="height:20px" aria-hidden="true" class="wp-block-spacer"></div>
</div>



<div class="wp-block-column is-layout-flow wp-block-column-is-layout-flow">
<hr class="wp-block-separator has-text-color has-background" style="background-color:#728197;color:#728197"/>



<p class="has-text-color" style="color:#728197;font-size:14px"><strong>COLOMBIA</strong><br>WP Group &#8211; Sed Nove<br>Cra. 7 No. 79B-57<br>Oficina 104<br>Bogotá, Colombia/C.P., 110221<br>+57 (1) 2553901</p>



<div style="height:20px" aria-hidden="true" class="wp-block-spacer"></div>



<hr class="wp-block-separator has-text-color has-background" style="background-color:#728197;color:#728197"/>



<p class="has-text-color" style="color:#728197;font-size:14px"><strong><strong>PUERTO RICO</strong><br></strong>WP Group<br>654 Plaza, Suite 1801<br>654 Muñoz Rivera Ave<br>San Juan, Puerto Rico 00918<br>787 946 55<strong>25</strong></p>
</div>



<div class="wp-block-column is-layout-flow wp-block-column-is-layout-flow">
<hr class="wp-block-separator has-text-color has-background" style="background-color:#728197;color:#728197"/>



<p class="has-text-color" style="color:#728197;font-size:14px"><strong><strong>WASHINGTON, DC</strong><br></strong>WP Group<br>1701 Pennsylvania Ave<br>Suite 200<br>Washington, DC 20006<br>202 248 54221</p>



<div style="height:20px" aria-hidden="true" class="wp-block-spacer"></div>



<hr class="wp-block-separator has-text-color has-background" style="background-color:#728197;color:#728197"/>



<p class="has-text-color" style="color:#728197;font-size:14px"><strong><strong><strong>ARGENTINA</strong></strong></strong><br>Infomedia<strong><strong><br></strong></strong>Av Santa Fe 1752, 3˚A<br>Buenos Aires, Argentina<br>+54 11 6842 07251</p>
</div>



<div class="wp-block-column is-layout-flow wp-block-column-is-layout-flow">
<hr class="wp-block-separator has-text-color has-background" style="background-color:#728197;color:#728197"/>



<p class="has-text-color" style="color:#728197"><strong><strong><strong>PANAMA</strong><br></strong></strong>WP Group, Inc.<br>Capital Plaza, Piso 8<br>Costa del Este<br>Ave Roberto Motta<br>Ciudad de Panamá, Panamá<br>+507 3069600 &#8211; 202 248 54221</p>
</div>



<div class="wp-block-column is-layout-flow wp-block-column-is-layout-flow">
<hr class="wp-block-separator has-text-color has-background" style="background-color:#728197;color:#728197"/>



<p class="has-text-color" style="color:#728197;font-size:14px"><strong><strong><strong><strong>PERU</strong></strong></strong></strong><br>WP Group &#8211; Concertum<strong><strong><strong><br></strong></strong></strong>Calle Los Angeles 340<br>Miraflores, Lima 18<br>Perú<br>+51 (1) 6286230</p>
</div>



<div class="wp-block-column is-layout-flow wp-block-column-is-layout-flow" style="flex-basis:30px"></div>
</div>
</div>
</div>



<div class="wp-block-columns is-layout-flex wp-container-core-columns-is-layout-9d6595d7 wp-block-columns-is-layout-flex">
<div class="wp-block-column has-neve-link-color-background-color has-background is-layout-flow wp-block-column-is-layout-flow" style="flex-basis:25%"></div>



<div class="wp-block-column is-layout-flow wp-block-column-is-layout-flow" style="flex-basis:50%">
<p class="has-text-align-center has-text-color" style="color:#728197"><em>An International Consulting Firm</em><br>Washington DC | Puerto Rico | Latin America</p>
</div>



<div class="wp-block-column is-layout-flow wp-block-column-is-layout-flow" style="flex-basis:25%"></div>
</div>
</div></div>
